{"id":1186,"date":"2022-09-28T15:41:54","date_gmt":"2022-09-28T13:41:54","guid":{"rendered":"https:\/\/wecare4hair.com\/?post_type=product&#038;p=1186"},"modified":"2026-04-30T15:01:25","modified_gmt":"2026-04-30T13:01:25","slug":"eco-pots-de-peinture-a-usage-unique-350ml","status":"publish","type":"product","link":"https:\/\/wecare4hair.com\/fr\/producten\/eco-verfpotjes-voor-eenmalig-gebruik-350ml\/","title":{"rendered":"1000 pots de coloration \u00e0 usage unique ECO 350 ml"},"content":{"rendered":"<p class=\"\"><strong><span class=\"\" style=\"font-family: Helvetica Neue;font-size: large\">Nouveau, <\/span><\/strong><\/p>\n<p class=\"\"><strong><span class=\"\" style=\"font-family: Helvetica Neue;font-size: large\">Rencontrez le <i class=\"\">Nouvelle g\u00e9n\u00e9ration<\/i> Eco-pods \u00e0 usage unique.<\/span><\/strong><\/p>\n<p class=\"\"><span class=\"\" style=\"font-family: Helvetica Neue;font-size: large\">Maintenant super stable.<\/span><\/p>\n<p>Ne lavez plus jamais les pots de peinture.<\/p>\n<p>Pas de tracas aux \u00e9viers pendant les jours de grande affluence.<\/p>\n<p>\u00c9conomisez sur l&#039;eau, les frais de personnel et l&#039;environnement !<\/p>\n<p>Dosettes ECO 100% biod\u00e9gradables (fabriqu\u00e9es \u00e0 partir des produits r\u00e9siduels de l&#039;industrie sucri\u00e8re).<\/p>\n<p>Les pots de peinture ECO sont parfaitement adapt\u00e9s au monde conscient de l&#039;exp\u00e9rience d&#039;aujourd&#039;hui.<\/p>\n<p>Contenu : 350 ml<\/p>","protected":false},"excerpt":{"rendered":"<p>Nouveau, d\u00e9couvrez la nouvelle g\u00e9n\u00e9ration d&#039;Eco-pods \u00e0 usage unique. Maintenant super stable. Ne lavez plus jamais les pots de peinture. Pas de soucis aux \u00e9viers pendant les journ\u00e9es charg\u00e9es. \u00c9conomisez de l&#039;eau, des frais de personnel et de l&#039;environnement ! Dosettes ECO 100% biod\u00e9gradables (fabriqu\u00e9es \u00e0 partir de produits r\u00e9siduels de l&#039;industrie sucri\u00e8re). Les pots de peinture ECO s&#039;adaptent parfaitement au monde d&#039;exp\u00e9rience conscient d&#039;aujourd&#039;hui. Contenu : 350 ml<\/p>","protected":false},"featured_media":3359,"template":"","meta":{"_acf_changed":false},"product_brand":[],"product_cat":[28],"product_tag":[],"class_list":{"0":"post-1186","1":"product","2":"type-product","3":"status-publish","4":"has-post-thumbnail","6":"product_cat-eco-verfpotjes","7":"pa_maat-350ml","8":"pa_maat-500ml","10":"first","11":"instock","12":"taxable","13":"shipping-taxable","14":"purchasable","15":"product-type-simple"},"acf":[],"yoast_head":"<!-- This site is optimized with the Yoast SEO plugin v27.5 - https:\/\/yoast.com\/product\/yoast-seo-wordpress\/ -->\n<title>1000 x ECO-verfpotjes voor eenmalig gebruik 350ml - WeCare4Hair<\/title>\n<meta name=\"robots\" content=\"index, follow, max-snippet:-1, max-image-preview:large, max-video-preview:-1\" \/>\n<link rel=\"canonical\" href=\"https:\/\/wecare4hair.com\/fr\/des-produits\/eco-pots-de-peinture-a-usage-unique-350ml\/\" \/>\n<meta property=\"og:locale\" content=\"fr_FR\" \/>\n<meta property=\"og:type\" content=\"article\" \/>\n<meta property=\"og:title\" content=\"1000 x ECO-verfpotjes voor eenmalig gebruik 350ml - WeCare4Hair\" \/>\n<meta property=\"og:description\" content=\"Nieuw, Maak kennis met de nieuwe generatie Eco-pods voor eenmalig gebruik. Nu super stabiel. Nooit meer\u00a0verfpotjes\u00a0uitwassen. Geen gedoe aan de wastafels tijdens drukke dagen. Bespaar op water , personeelskost en het milieu! ECO-pods 100% biologisch afbreekbaar (gemaakt van de restproducten uit de suikerindustrie). De ECO-verfpotjes sluiten perfect aan op\u00a0de bewuste belevingswereld van\u00a0vandaag. Inhoud: 350ml\" \/>\n<meta property=\"og:url\" content=\"https:\/\/wecare4hair.com\/fr\/des-produits\/eco-pots-de-peinture-a-usage-unique-350ml\/\" \/>\n<meta property=\"og:site_name\" content=\"WeCare4Hair\" \/>\n<meta property=\"article:publisher\" content=\"https:\/\/www.facebook.com\/WeCare4Hair\" \/>\n<meta property=\"article:modified_time\" content=\"2026-04-30T13:01:25+00:00\" \/>\n<meta property=\"og:image\" content=\"https:\/\/wecare4hair.com\/wp-content\/uploads\/2022\/09\/IMG_3315-scaled.jpeg\" \/>\n\t<meta property=\"og:image:width\" content=\"1920\" \/>\n\t<meta property=\"og:image:height\" content=\"2560\" \/>\n\t<meta property=\"og:image:type\" content=\"image\/jpeg\" \/>\n<meta name=\"twitter:card\" content=\"summary_large_image\" \/>\n<script type=\"application\/ld+json\" class=\"yoast-schema-graph\">{\"@context\":\"https:\\\/\\\/schema.org\",\"@graph\":[{\"@type\":\"WebPage\",\"@id\":\"https:\\\/\\\/wecare4hair.com\\\/producten\\\/eco-verfpotjes-voor-eenmalig-gebruik-350ml\\\/\",\"url\":\"https:\\\/\\\/wecare4hair.com\\\/producten\\\/eco-verfpotjes-voor-eenmalig-gebruik-350ml\\\/\",\"name\":\"1000 x ECO-verfpotjes voor eenmalig gebruik 350ml - WeCare4Hair\",\"isPartOf\":{\"@id\":\"https:\\\/\\\/wecare4hair.com\\\/#website\"},\"primaryImageOfPage\":{\"@id\":\"https:\\\/\\\/wecare4hair.com\\\/producten\\\/eco-verfpotjes-voor-eenmalig-gebruik-350ml\\\/#primaryimage\"},\"image\":{\"@id\":\"https:\\\/\\\/wecare4hair.com\\\/producten\\\/eco-verfpotjes-voor-eenmalig-gebruik-350ml\\\/#primaryimage\"},\"thumbnailUrl\":\"https:\\\/\\\/wecare4hair.com\\\/wp-content\\\/uploads\\\/2022\\\/09\\\/IMG_3315-scaled.jpeg\",\"datePublished\":\"2022-09-28T13:41:54+00:00\",\"dateModified\":\"2026-04-30T13:01:25+00:00\",\"breadcrumb\":{\"@id\":\"https:\\\/\\\/wecare4hair.com\\\/producten\\\/eco-verfpotjes-voor-eenmalig-gebruik-350ml\\\/#breadcrumb\"},\"inLanguage\":\"fr-FR\",\"potentialAction\":[{\"@type\":\"ReadAction\",\"target\":[\"https:\\\/\\\/wecare4hair.com\\\/producten\\\/eco-verfpotjes-voor-eenmalig-gebruik-350ml\\\/\"]}]},{\"@type\":\"ImageObject\",\"inLanguage\":\"fr-FR\",\"@id\":\"https:\\\/\\\/wecare4hair.com\\\/producten\\\/eco-verfpotjes-voor-eenmalig-gebruik-350ml\\\/#primaryimage\",\"url\":\"https:\\\/\\\/wecare4hair.com\\\/wp-content\\\/uploads\\\/2022\\\/09\\\/IMG_3315-scaled.jpeg\",\"contentUrl\":\"https:\\\/\\\/wecare4hair.com\\\/wp-content\\\/uploads\\\/2022\\\/09\\\/IMG_3315-scaled.jpeg\",\"width\":1920,\"height\":2560},{\"@type\":\"BreadcrumbList\",\"@id\":\"https:\\\/\\\/wecare4hair.com\\\/producten\\\/eco-verfpotjes-voor-eenmalig-gebruik-350ml\\\/#breadcrumb\",\"itemListElement\":[{\"@type\":\"ListItem\",\"position\":1,\"name\":\"Home\",\"item\":\"https:\\\/\\\/wecare4hair.com\\\/\"},{\"@type\":\"ListItem\",\"position\":2,\"name\":\"Producten\",\"item\":\"https:\\\/\\\/wecare4hair.com\\\/producten\\\/\"},{\"@type\":\"ListItem\",\"position\":3,\"name\":\"1000 x ECO-verfpotjes voor eenmalig gebruik 350ml\"}]},{\"@type\":\"WebSite\",\"@id\":\"https:\\\/\\\/wecare4hair.com\\\/#website\",\"url\":\"https:\\\/\\\/wecare4hair.com\\\/\",\"name\":\"WeCare4Hair\",\"description\":\"Kwalitatief hoogwaardig kappersmateriaal\",\"publisher\":{\"@id\":\"https:\\\/\\\/wecare4hair.com\\\/#organization\"},\"potentialAction\":[{\"@type\":\"SearchAction\",\"target\":{\"@type\":\"EntryPoint\",\"urlTemplate\":\"https:\\\/\\\/wecare4hair.com\\\/?s={search_term_string}\"},\"query-input\":{\"@type\":\"PropertyValueSpecification\",\"valueRequired\":true,\"valueName\":\"search_term_string\"}}],\"inLanguage\":\"fr-FR\"},{\"@type\":\"Organization\",\"@id\":\"https:\\\/\\\/wecare4hair.com\\\/#organization\",\"name\":\"WeCare4Hair\",\"url\":\"https:\\\/\\\/wecare4hair.com\\\/\",\"logo\":{\"@type\":\"ImageObject\",\"inLanguage\":\"fr-FR\",\"@id\":\"https:\\\/\\\/wecare4hair.com\\\/#\\\/schema\\\/logo\\\/image\\\/\",\"url\":\"https:\\\/\\\/wecare4hair.com\\\/wp-content\\\/uploads\\\/2023\\\/03\\\/Wecareforhairlogo.png\",\"contentUrl\":\"https:\\\/\\\/wecare4hair.com\\\/wp-content\\\/uploads\\\/2023\\\/03\\\/Wecareforhairlogo.png\",\"width\":614,\"height\":124,\"caption\":\"WeCare4Hair\"},\"image\":{\"@id\":\"https:\\\/\\\/wecare4hair.com\\\/#\\\/schema\\\/logo\\\/image\\\/\"},\"sameAs\":[\"https:\\\/\\\/www.facebook.com\\\/WeCare4Hair\",\"https:\\\/\\\/www.instagram.com\\\/we_care_4_hair\\\/\"]}]}<\/script>\n<!-- \/ Yoast SEO plugin. -->","yoast_head_json":{"title":"1000 pots de peinture \u00e0 usage unique ECO 350ml - WeCare4Hair","robots":{"index":"index","follow":"follow","max-snippet":"max-snippet:-1","max-image-preview":"max-image-preview:large","max-video-preview":"max-video-preview:-1"},"canonical":"https:\/\/wecare4hair.com\/fr\/des-produits\/eco-pots-de-peinture-a-usage-unique-350ml\/","og_locale":"fr_FR","og_type":"article","og_title":"1000 x ECO-verfpotjes voor eenmalig gebruik 350ml - WeCare4Hair","og_description":"Nieuw, Maak kennis met de nieuwe generatie Eco-pods voor eenmalig gebruik. Nu super stabiel. Nooit meer\u00a0verfpotjes\u00a0uitwassen. Geen gedoe aan de wastafels tijdens drukke dagen. Bespaar op water , personeelskost en het milieu! ECO-pods 100% biologisch afbreekbaar (gemaakt van de restproducten uit de suikerindustrie). De ECO-verfpotjes sluiten perfect aan op\u00a0de bewuste belevingswereld van\u00a0vandaag. Inhoud: 350ml","og_url":"https:\/\/wecare4hair.com\/fr\/des-produits\/eco-pots-de-peinture-a-usage-unique-350ml\/","og_site_name":"WeCare4Hair","article_publisher":"https:\/\/www.facebook.com\/WeCare4Hair","article_modified_time":"2026-04-30T13:01:25+00:00","og_image":[{"width":1920,"height":2560,"url":"https:\/\/wecare4hair.com\/wp-content\/uploads\/2022\/09\/IMG_3315-scaled.jpeg","type":"image\/jpeg"}],"twitter_card":"summary_large_image","schema":{"@context":"https:\/\/schema.org","@graph":[{"@type":"WebPage","@id":"https:\/\/wecare4hair.com\/producten\/eco-verfpotjes-voor-eenmalig-gebruik-350ml\/","url":"https:\/\/wecare4hair.com\/producten\/eco-verfpotjes-voor-eenmalig-gebruik-350ml\/","name":"1000 pots de peinture \u00e0 usage unique ECO 350ml - WeCare4Hair","isPartOf":{"@id":"https:\/\/wecare4hair.com\/#website"},"primaryImageOfPage":{"@id":"https:\/\/wecare4hair.com\/producten\/eco-verfpotjes-voor-eenmalig-gebruik-350ml\/#primaryimage"},"image":{"@id":"https:\/\/wecare4hair.com\/producten\/eco-verfpotjes-voor-eenmalig-gebruik-350ml\/#primaryimage"},"thumbnailUrl":"https:\/\/wecare4hair.com\/wp-content\/uploads\/2022\/09\/IMG_3315-scaled.jpeg","datePublished":"2022-09-28T13:41:54+00:00","dateModified":"2026-04-30T13:01:25+00:00","breadcrumb":{"@id":"https:\/\/wecare4hair.com\/producten\/eco-verfpotjes-voor-eenmalig-gebruik-350ml\/#breadcrumb"},"inLanguage":"fr-FR","potentialAction":[{"@type":"ReadAction","target":["https:\/\/wecare4hair.com\/producten\/eco-verfpotjes-voor-eenmalig-gebruik-350ml\/"]}]},{"@type":"ImageObject","inLanguage":"fr-FR","@id":"https:\/\/wecare4hair.com\/producten\/eco-verfpotjes-voor-eenmalig-gebruik-350ml\/#primaryimage","url":"https:\/\/wecare4hair.com\/wp-content\/uploads\/2022\/09\/IMG_3315-scaled.jpeg","contentUrl":"https:\/\/wecare4hair.com\/wp-content\/uploads\/2022\/09\/IMG_3315-scaled.jpeg","width":1920,"height":2560},{"@type":"BreadcrumbList","@id":"https:\/\/wecare4hair.com\/producten\/eco-verfpotjes-voor-eenmalig-gebruik-350ml\/#breadcrumb","itemListElement":[{"@type":"ListItem","position":1,"name":"Home","item":"https:\/\/wecare4hair.com\/"},{"@type":"ListItem","position":2,"name":"Producten","item":"https:\/\/wecare4hair.com\/producten\/"},{"@type":"ListItem","position":3,"name":"1000 x ECO-verfpotjes voor eenmalig gebruik 350ml"}]},{"@type":"WebSite","@id":"https:\/\/wecare4hair.com\/#website","url":"https:\/\/wecare4hair.com\/","name":"WeCare4Hair","description":"Mat\u00e9riel de coiffure de haute qualit\u00e9","publisher":{"@id":"https:\/\/wecare4hair.com\/#organization"},"potentialAction":[{"@type":"SearchAction","target":{"@type":"EntryPoint","urlTemplate":"https:\/\/wecare4hair.com\/?s={search_term_string}"},"query-input":{"@type":"PropertyValueSpecification","valueRequired":true,"valueName":"search_term_string"}}],"inLanguage":"fr-FR"},{"@type":"Organization","@id":"https:\/\/wecare4hair.com\/#organization","name":"WeCare4Hair","url":"https:\/\/wecare4hair.com\/","logo":{"@type":"ImageObject","inLanguage":"fr-FR","@id":"https:\/\/wecare4hair.com\/#\/schema\/logo\/image\/","url":"https:\/\/wecare4hair.com\/wp-content\/uploads\/2023\/03\/Wecareforhairlogo.png","contentUrl":"https:\/\/wecare4hair.com\/wp-content\/uploads\/2023\/03\/Wecareforhairlogo.png","width":614,"height":124,"caption":"WeCare4Hair"},"image":{"@id":"https:\/\/wecare4hair.com\/#\/schema\/logo\/image\/"},"sameAs":["https:\/\/www.facebook.com\/WeCare4Hair","https:\/\/www.instagram.com\/we_care_4_hair\/"]}]}},"_links":{"self":[{"href":"https:\/\/wecare4hair.com\/fr\/wp-json\/wp\/v2\/product\/1186","targetHints":{"allow":["GET"]}}],"collection":[{"href":"https:\/\/wecare4hair.com\/fr\/wp-json\/wp\/v2\/product"}],"about":[{"href":"https:\/\/wecare4hair.com\/fr\/wp-json\/wp\/v2\/types\/product"}],"wp:featuredmedia":[{"embeddable":true,"href":"https:\/\/wecare4hair.com\/fr\/wp-json\/wp\/v2\/media\/3359"}],"wp:attachment":[{"href":"https:\/\/wecare4hair.com\/fr\/wp-json\/wp\/v2\/media?parent=1186"}],"wp:term":[{"taxonomy":"product_brand","embeddable":true,"href":"https:\/\/wecare4hair.com\/fr\/wp-json\/wp\/v2\/product_brand?post=1186"},{"taxonomy":"product_cat","embeddable":true,"href":"https:\/\/wecare4hair.com\/fr\/wp-json\/wp\/v2\/product_cat?post=1186"},{"taxonomy":"product_tag","embeddable":true,"href":"https:\/\/wecare4hair.com\/fr\/wp-json\/wp\/v2\/product_tag?post=1186"}],"curies":[{"name":"wp","href":"https:\/\/api.w.org\/{rel}","templated":true}]}}

1000 pots de coloration à usage unique ECO 350 ml

<p class=""><strong><span class="" style="font-family: Helvetica Neue;font-size: large">Nouveau, </span></strong></p>
<p class=""><strong><span class="" style="font-family: Helvetica Neue;font-size: large">Rencontrez le <i class="">Nouvelle génération</i> Eco-pods à usage unique.</span></strong></p>
<p class=""><span class="" style="font-family: Helvetica Neue;font-size: large">Maintenant super stable.</span></p>
<p>Ne lavez plus jamais les pots de peinture.</p>
<p>Pas de tracas aux éviers pendant les jours de grande affluence.</p>
<p>Économisez sur l&#039;eau, les frais de personnel et l&#039;environnement !</p>
<p>Dosettes ECO 100% biodégradables (fabriquées à partir des produits résiduels de l&#039;industrie sucrière).</p>
<p>Les pots de peinture ECO sont parfaitement adaptés au monde conscient de l&#039;expérience d&#039;aujourd&#039;hui.</p>
<p>Contenu : 350 ml</p>

<p>Nouveau, découvrez la nouvelle génération d&#039;Eco-pods à usage unique. Maintenant super stable. Ne lavez plus jamais les pots de peinture. Pas de soucis aux éviers pendant les journées chargées. Économisez de l&#039;eau, des frais de personnel et de l&#039;environnement ! Dosettes ECO 100% biodégradables (fabriquées à partir de produits résiduels de l&#039;industrie sucrière). Les pots de peinture ECO s&#039;adaptent parfaitement au monde d&#039;expérience conscient d&#039;aujourd&#039;hui. Contenu : 350 ml</p>

1000 pots de peinture à usage unique ECO 350ml - WeCare4Hair

Matériel de coiffure de haute qualité
